{"id":77,"date":"2023-09-01T11:49:08","date_gmt":"2023-09-01T11:49:08","guid":{"rendered":"https:\/\/veranstaltung.holzbau-deutschland.de\/?page_id=77"},"modified":"2023-09-01T11:49:08","modified_gmt":"2023-09-01T11:49:08","slug":"impressum","status":"publish","type":"page","link":"https:\/\/veranstaltung.holzbau-deutschland.de\/?page_id=77","title":{"rendered":"Impressum"},"content":{"rendered":"\n<p>&#8222;Kooperatives Marketing Leistungspartner des Zimmererhandwerks&#8220;, Berlin<\/p>\n\n\n\n<p>vertreten durch den Gesch\u00e4ftsf\u00fchrer der<br>F\u00f6rdergesellschaft Holzbau und Ausbau mbH, Berlin<br>Dipl.-Ing. Rainer Kabelitz-Cir\u00e9<\/p>\n\n\n\n<p>Anschrift:<br>Kronenstra\u00dfe 55 &#8211; 58<br>10117 Berlin<br>Telefon: +49 (0) 30 20314-0<\/p>\n\n\n\n<p>Kontakt: info@fg-holzbau.de<\/p>\n\n\n\n<p>Handelsregister HRB 66067 (F\u00f6rdergesellschaft)<br>Amtsgericht Berlin-Charlottenburg<br>USt-Ident-Nr.: DE 812599861<\/p>\n\n\n\n<p>Gesch\u00e4ftsf\u00fchrer und verantwortlich im Sinne des \u00a7 18 Abs. 2 Medienstaatsvertrag<br>Dipl.-Ing. Rainer Kabelitz-Cir\u00e9<br>Kronenstrasse 55-58<br>10117 Berlin<br>Kontakt: info@fg-holzbau.de<\/p>\n\n\n\n<p>Haftungsausschluss<\/p>\n\n\n\n<p>Hinweise zur Haftung f\u00fcr die Inhalte von www.holzbau-deutschland-leistungspartner.de<\/p>\n\n\n\n<p>Sofern von dieser Webseite auf die Webseiten anderer Anbieter verwiesen (&#8222;verlinkt&#8220;) wird, kann f\u00fcr deren Inhalte keine Gew\u00e4hr \u00fcbernommen werden, da die F\u00f6rdergesellschaft Holzbau und Ausbau mbH deren Inhalt nicht beeinflussen kann. Die F\u00f6rdergesellschaft Holzbau und Ausbau mbH kann keine Gew\u00e4hr daf\u00fcr \u00fcbernehmen, dass diese Webseite oder Webseiten, auf die verlinkt wird, frei von sch\u00e4digenden Inhalten sind. Daher lehnt die F\u00f6rdergesellschaft Holzbau und Ausbau mbH jegliche Haftung f\u00fcr fahrl\u00e4ssig verursachte materielle oder ideelle Sch\u00e4den, insbesondere auch Folgesch\u00e4den, ab, die durch die Nutzung der zur Verf\u00fcgung gestellten Informationen verursacht wurden.<br>Hinweis gem. \u00a7 36 Verbraucherstreitbeilegungsgesetz (VSBG)<\/p>\n\n\n\n<p>Wir, das Kooperatives Marketing Leistungspartner des Zimmererhandwerks, Berlin vertreten durch den Gesch\u00e4ftsf\u00fchrer der F\u00f6rdergesellschaft Holzbau und Ausbau mbH, Berlin werden nicht an einem Streitbeilegungsverfahren vor einer Verbraucherschlichtungsstelle i.S.d. VSBG teilnehmen und sind hierzu auch nicht verpflichtet.<\/p>\n","protected":false},"excerpt":{"rendered":"<p>&#8222;Kooperatives Marketing Leistungspartner des Zimmererhandwerks&#8220;, Berlin vertreten durch den Gesch\u00e4ftsf\u00fchrer derF\u00f6rdergesellschaft Holzbau und Ausbau mbH, BerlinDipl.-Ing. Rainer Kabelitz-Cir\u00e9 Anschrift:Kronenstra\u00dfe 55 &#8211; 5810117 BerlinTelefon: +49 (0) 30 20314-0 Kontakt: info@fg-holzbau.de Handelsregister HRB 66067 (F\u00f6rdergesellschaft)Amtsgericht Berlin-CharlottenburgUSt-Ident-Nr.: DE 812599861 Gesch\u00e4ftsf\u00fchrer und verantwortlich im Sinne des \u00a7 18 Abs. 2 MedienstaatsvertragDipl.-Ing. Rainer Kabelitz-Cir\u00e9Kronenstrasse 55-5810117 BerlinKontakt: info@fg-holzbau.de Haftungsausschluss Hinweise zur [&hellip;]<\/p>\n","protected":false},"author":1,"featured_media":0,"parent":0,"menu_order":0,"comment_status":"closed","ping_status":"closed","template":"","meta":{"footnotes":""},"class_list":["post-77","page","type-page","status-publish","hentry"],"_links":{"self":[{"href":"https:\/\/veranstaltung.holzbau-deutschland.de\/index.php?rest_route=\/wp\/v2\/pages\/77","targetHints":{"allow":["GET"]}}],"collection":[{"href":"https:\/\/veranstaltung.holzbau-deutschland.de\/index.php?rest_route=\/wp\/v2\/pages"}],"about":[{"href":"https:\/\/veranstaltung.holzbau-deutschland.de\/index.php?rest_route=\/wp\/v2\/types\/page"}],"author":[{"embeddable":true,"href":"https:\/\/veranstaltung.holzbau-deutschland.de\/index.php?rest_route=\/wp\/v2\/users\/1"}],"replies":[{"embeddable":true,"href":"https:\/\/veranstaltung.holzbau-deutschland.de\/index.php?rest_route=%2Fwp%2Fv2%2Fcomments&post=77"}],"version-history":[{"count":1,"href":"https:\/\/veranstaltung.holzbau-deutschland.de\/index.php?rest_route=\/wp\/v2\/pages\/77\/revisions"}],"predecessor-version":[{"id":78,"href":"https:\/\/veranstaltung.holzbau-deutschland.de\/index.php?rest_route=\/wp\/v2\/pages\/77\/revisions\/78"}],"wp:attachment":[{"href":"https:\/\/veranstaltung.holzbau-deutschland.de\/index.php?rest_route=%2Fwp%2Fv2%2Fmedia&parent=77"}],"curies":[{"name":"wp","href":"https:\/\/api.w.org\/{rel}","templated":true}]}}